 (base 4) to base 14.
20c
357 (base 9) to base 7
601
Convert 214343 (base 5) to base 4.
1310301
Convert -31440 (base 6) to base 12.
-2580
Convert -11111111100 (base 2) to base 9.
-2721
What is -2103 (base 6) in base 15?
-216
What is -1355 (base 7) in base 14?
-29c
-113315 (base 7) to base 5
-1123041
-8b5b (base 14) to base 7
-130344
-432 (base 12) to base 13
-383
What is -10000000101111 (base 2) in base 12?
-4927
What is -2120021002 (base 3) in base 4?
-30110330
20727 (base 8) to base 3
102212212
Convert -11001100 (base 2) to base 10.
-204
Convert -243512 (base 6) to base 7.
-116615
-b3bc (base 14) to base 13
-1110b
-27b5 (base 14) to base 13
-326c
Convert -8c6e (base 16) to base 4.
-20301232
What is 2147 (base 8) in base 11?
935
What is 675 (base 8) in base 16?
1bd
7140 (base 9) to base 8
12144
Convert -3dd (base 16) to base 15.
-45e
4b (base 13) to base 6
143
14d (base 14) to base 16
109
Convert 1022001 (base 3) to base 15.
431
-13466 (base 9) to base 15
-2a8c
Convert -150335 (base 8) to base 9.
-81310
Convert 3230 (base 15) to base 8.
24574
What is -105a (base 12) in base 14?
-926
What is 122405 (base 6) in base 12?
6405
183a (base 14) to base 13
1ca9
Convert 1255 (base 6) to base 2.
101000011
-20021 (base 3) to base 16
-a9
Convert 11111111101 (base 2) to base 7.
5651
Convert 111000001111 (base 2) to base 13.
183b
-14827 (base 11) to base 8
-50742
What is 12200010 (base 3) in base 2?
1000000100110
-67b (base 16) to base 7
-4560
-1230 (base 8) to base 15
-2e4
What is 4319 (base 10) in base 14?
1807
What is -8b (base 12) in base 5?
-412
What is -100002220 (base 3) in base 6?
-50423
What is -a22 (base 11) in base 15?
-574
-4666 (base 11) to base 12
-3662
Convert -1001011 (base 2) to base 10.
-75
What is -8340 (base 10) in base 9?
-12386
Convert 11031 (base 5) to base 4.
23332
Convert -2502 (base 12) to base 5.
-113203
-86 (base 12) to base 4
-1212
Convert 14262 (base 7) to base 9.
5330
Convert 534 (base 6) to base 7.
406
10112002 (base 3) to base 13
1226
6450 (base 7) to base 4
203301
200 (base 11) to base 3
22222
Convert -1358 (base 9) to base 4.
-100001
What is -22b (base 16) in base 11?
-465
Convert -10844 (base 13) to base 4.
-13110101
Convert -40404 (base 5) to base 13.
-1254
Convert -1479 (base 11) to base 6.
-12445
-47536 (base 9) to base 8
-76051
Convert 1222 (base 7) to base 15.
207
What is -4340112 (base 5) in base 6?
-1332251
What is -707 (base 15) in base 2?
-11000101110
Convert cc5 (base 15) to base 5.
43020
Convert -5275 (base 9) to base 4.
-330203
What is -16645 (base 10) in base 6?
-205021
Convert -1220010 (base 3) to base 12.
-970
What is -2144 (base 10) in base 7?
-6152
14055 (base 9) to base 2
10010100110111
What is -6912 (base 13) in base 7?
-60624
What is -4254 (base 6) in base 13?
-598
-502 (base 11) to base 16
-25f
Convert 440041 (base 5) to base 8.
35255
What is 36387 (base 10) in base 7?
211041
What is fdc (base 16) in base 5?
112220
What is 33402 (base 5) in base 14?
c00
11e (base 16) to base 12
1ba
Convert -131333 (base 4) to base 9.
-2562
-31f4 (base 16) to base 8
-30764
Convert -1331 (base 5) to base 4.
-3120
Convert -243 (base 9) to base 5.
-1301
-2021020 (base 3) to base 11
-1273
-3533 (base 10) to base 11
-2722
What is 202310 (base 6) in base 12?
9396
What is 2440 (base 9) in base 2?
11100011010
Convert 359 (base 15) to base 5.
11014
What is -11141 (base 5) in base 12?
-564
What is -10120112 (base 3) in base 6?
-20022
5163 (base 7) to base 14
933
-2717 (base 9) to base 14
-a5b
What is -23635 (base 8) in base 5?
-311031
561 (base 9) to base 10
460
-413222 (base 6) to base 13
-1210a
What is 2716 (base 9) in base 15?
910
16a (base 12) to base 16
e2
-10102021 (base 3) to base 8
-4673
What is 201020 (base 3) in base 9?
636
701 (base 9) to base 15
27d
What is 612 (base 8) in base 10?
394
Convert -4554 (base 15) to base 10.
-14704
Convert 1001011010 (base 2) to base 3.
211022
Convert -1a8 (base 15) to base 3.
-112012
What is -140031 (base 5) in base 14?
-20ad
Convert -3e7 (base 15) to base 16.
-37c
What is -13 (base 10) in base 6?
-21
What is -47a6 (base 13) in base 12?
-5a23
Convert -154464 (base 7) to base 8.
-73332
Convert -7454 (base 16) to base 12.
-15298
12023 (base 4) to base 13
245
What is -5451 (base 6) in base 16?
-4e7
Convert -4291 (base 11) to base 5.
-140131
-2692 (base 10) to base 5
-41232
Convert 2030 (base 6) to base 12.
316
Convert 1200201 (base 4) to base 11.
4706
Convert -2523 (base 7) to base 4.
-32310
What is 28510 (base 9) in base 4?
10232220
What is 2102 (base 5) in base 9?
337
Convert 12010121 (base 3) to base 11.
28a2
What is -c0 (base 13) in base 4?
-2130
What is -21986 (base 10) in base 9?
-33138
Convert -664 (base 11) to base 7.
-2215
-2528 (base 9) to base 13
-b24
Convert -75a (base 15) to base 11.
-127a
100010111001 (base 2) to base 11
1750
1101101101011010 (base 2) to base 5
3244104
What is 21520 (base 9) in base 12?
8316
Convert 22102 (base 3) to base 4.
3203
What is -361 (base 15) in base 7?
-2143
7c73 (base 13) to base 6
213005
What is -ef (base 16) in base 7?
-461
abc3 (base 13) to base 10
23988
What is -19c (base 13) in base 3?
-102001
Convert 1236 (base 7) to base 4.
13110
380a (base 13) to base 5
223303
What is -11000110111 (base 2) in base 3?
-2011221
-22220212 (base 3) to base 4
-1211213
What is -120 (base 8) in base 7?
-143
What is -2375 (base 11) in base 4?
-300203
What is 4881 (base 10) in base 6?
34333
What is -16e (base 15) in base 6?
-1305
-68e (base 15) to base 14
-780
Convert -1133233 (base 4) to base 5.
-144002
Convert 110211 (base 3) to base 2.
101011010
Convert 22062 (base 9) to base 16.
392c
What is 13084 (base 9) in base 5?
240244
30322 (base 4) to base 16
33a
Convert -365 (base 11) to base 9.
-532
Convert 210b6 (base 13) to base 4.
32201030
Convert -1416 (base 8) to base 12.
-552
Convert -2424 (base 5) to base 10.
-364
What is 13012 (base 5) in base 8?
1757
-181a (base 13) to base 8
-6764
Convert -12112 (base 3) to base 2.
-10010101
-1186 (base 15) to base 3
-12010000
What is -b954 (base 14) in base 10?
-32022
Convert -115 (base 14) to base 9.
-258
Convert -111201 (base 3) to base 4.
-11302
Convert -1014503 (base 6) to base 3.
-2111012210
What is -213023 (base 5) in base 14?
-290b
-142 (base 15) to base 6
-1155
197 (base 16) to base 12
29b
What is -197b (base 13) in base 2?
-111011101100
1202222111 (base 3) to base 11
24309
1182 (base 11) to base 12
a86
What is 135012 (base 6) in base 15?
3ba2
What is -165152 (base 7) in base 2?
-1000000011110110
What is 78 (base 11) in base 15?
5a
3122 (base 6) to base 12
4a2
What is -45d2 (base 14) in base 6?
-132112
Convert -190a (base 11) to base 15.
-ac0
What is -b79 (base 15) in base 10?
-2589
Convert 201300 (base 5) to base 8.
14462
Convert -1000110101 (base 2) to base 13.
-346
c44 (base 16) to base 13
1577
-100010101010011 (base 2) to base 4
-10111103
Convert -215 (base 14) to base 6.
-1523
Convert -10b4 (base 13) to base 14.
-bd6
Convert 321023 (base 4) to base 3.
12000112
Convert 1013 (base 5) to base 13.
a3
What is -2442 (base 7) in base 11?
-75a
261 (base 9) to base 14
117
What is 11100111 (base 2) in base 7?
450
Convert c17 (base 14) to base 15.
a83
What is -22322023 (base 4) in base 3?
-2021021221
What is -2c5 (base 14) in base 7?
-1435
Convert 5bb (base 13) to base 11.
829
10034 (base 8) to base 4
1000130
Convert -41324 (base 6) to base 15.
-1984
210 (base 15) to base 7
1233
What is -540 (base 7) in base 5?
-2043
a31 (base 12) to base 4
113011
Convert 1020201210 (base 3) to base 2.
110000000001111
Convert -144422 (base 5) to base 3.
-22120000
16575 (base 9) to base 2
10110010010000
What is -357e (base 15) in base 6?
-124345
-131131 (base 4) to base 14
-989
Convert 101342 (base 5) to base 3.
11120222
What is 1867 (base 9) in base 10?
1438
-164 (base 7) to base 6
-235
6541 (base 10) to base 14
2553
Convert 24 (base 6) to base 3.
121
What is 5b1 (base 12) in base 11?
706
What is 3144 (base 12) in base 2?
1010100000100
Convert 639 (base 12) to base 14.
48d
What is 1501 (base 6) in base 14?
205
Convert 2010023 (base 4) to base 8.
20413
221222 (base 3) to base 14
381
What is -414401 (base 5) in base 11?
-a349
Convert -12130311 (base 4) to base 15.
-7c66
What is 327 (base 15) in base 14?
38c
Convert 9d (base 14) to base